0*q + 314277. Give t(389).
-35
Let p(a) = -2*a**3 + 78*a**2 - 38*a + 810. What is p(39)?
-672
Let n(h) = 81*h**3 - 90*h**2 + 4*h - 1. What is n(3)?
1388
Let s(o) = -45650*o - 106364500. What is s(-2330)?
0
Let t(v) = 51416*v + 1696697. Calculate t(-33).
-31
Let q(p) = -433*p - 52839. Give q(-122).
-13
Let p(f) = -45591*f + 182504. Calculate p(4).
140
Let h(y) = -19*y**2 - 9132*y + 9136. What is h(1)?
-15
Let t(i) = -49289*i + 246441. Determine t(5).
-4
Let f(g) = 404246*g - 1212735. Give f(3).
3
Let l(b) = -1535*b + 1605. What is l(1)?
70
Let b(x) = 546*x + 24977. What is b(-46)?
-139
Let m(r) = r**3 - 12*r**2 - 124*r - 196. Determine m(-5).
-1
Let m(h) = -h**3 + 12*h**2 + 187*h - 851. Give m(4).
25
Let p(b) = -465*b + 6596. What is p(14)?
86
Let y(v) = -12523*v + 49602. Give y(4).
-490
Let o(g) = g**2 + 560*g + 45257. What is o(-462)?
-19
Let r(t) = 10*t**3 + t**2 + 75*t - 407. What is r(7)?
3597
Let k(s) = -3*s**2 - 957*s - 18805. Calculate k(-21).
-31
Let y(o) = -o**3 + 76*o**2 - 504*o - 20. Determine y(7).
-167
Let t(n) = 216*n**2 - 14708*n - 169. What is t(68)?
-1529
Let y(g) = -2*g**3 + 76*g**2 + 73*g + 182. Give y(39).
-13
Let m(n) = 2*n**3 + 760*n**2 + 3747*n - 1131. What is m(-375)?
-6
Let u(p) = p**3 + 38*p**2 - 548*p + 1151. Give u(9).
26
Let w(x) = 6*x**2 - 932*x - 10002. Calculate w(-10).
-82
Let h(q) = -4988*q**2 - 64843*q + 22. What is h(-13)?
9
Let x(i) = -6865*i + 659043. What is x(96)?
3
Let c(i) = -13*i**2 - 968*i - 15343. Calculate c(-23).
44
Let p(n) = -n**2 - 63352*n - 7398488. Give p(-117).
7
Let d(m) = m**3 + 68*m**2 + 968*m - 2012. What is d(-46)?
12
Let k(x) = 320039*x - 1280162. Calculate k(4).
-6
Let b(r) = r**2 + 44978*r - 3740066. Calculate b(83).
-3
Let b(m) = 1671*m - 263766. Calculate b(158).
252
Let k(n) = 74*n + 6250. Give k(-91).
-484
Let t(f) = -f**3 - 69*f**2 - 366*f + 15815. Determine t(-58).
39
Let t(x) = -4313*x - 17150. Give t(-4).
102
Let q(p) = 7*p**3 + 1023*p**2 - 873*p + 1379. Give q(-147).
56
Let i(t) = -340*t**2 - 998*t + 26. What is i(-3)?
-40
Let g(z) = -16*z**3 + 70*z**2 + 230*z - 875. Calculate g(4).
141
Let n(z) = 17564*z - 52750. Give n(3).
-58
Let o(f) = f**3 - 12*f**2 + 305*f - 2489. Give o(9).
13
Let f(h) = -3665361*h + 18326795. What is f(5)?
-10
Let b(y) = -y**3 - 34*y**2 + 81*y + 630. What is b(-36)?
306
Let x(b) = -110204*b + 1102077. What is x(10)?
37
Let n(r) = -36*r**2 + 650*r + 122. Give n(14).
2166
Let k(t) = 73*t + 3542. Determine k(-52).
-254
Let k(w) = 167*w**2 + 754*w + 79. What is k(-5)?
484
Let v(w) = 12*w**3 - 584*w**2 + 30*w - 11076. Determine v(49).
-2
Let h(d) = -108*d - 3145. What is h(-31)?
203
Let q(z) = -193*z**2 - 3484*z - 132. Give q(-18).
48
Let d(h) = h**3 + 17*h**2 - 2*h + 196. What is d(-19)?
-488
Let y(q) = 2543*q - 488251. Calculate y(192).
5
Let u(j) = 22470*j - 16717700. Determine u(744).
-20
Let c(t) = 5*t**2 + 4415*t + 69373. Calculate c(-16).
13
Let g(x) = 20589*x - 555896. What is g(27)?
7
Let j(u) = 68*u**2 + 1815*u - 72. Determine j(-28).
2420
Let t(c) = 1529*c - 226288. What is t(148)?
4
Let t(s) = -6*s**3 - 8*s**2 - 52*s + 113. Give t(7).
-2701
Let f(p) = p**3 - 80*p**2 + 66*p - 5286. Calculate f(80).
-6
Let c(l) = -2*l**3 - 328*l**2 - 4226*l - 39. Determine c(-14).
325
Let w(a) = 72*a**3 - 12237*a**2 - 516*a + 1024. Give w(170).
4
Let c(w) = 1412*w**2 - 2845*w - 10. Calculate c(2).
-52
Let c(w) = 152243*w + 1370165. What is c(-9)?
-22
Let u(f) = 3539*f + 31834. What is u(-9)?
-17
Let i(l) = -l**3 - 57*l**2 + 153*l + 5841. Calculate i(-58).
331
Let d(n) = n**3 + 52*n**2 - 7422*n + 230. What is d(-116)?
-2
Let g(h) = -149177*h - 2386834. Give g(-16).
-2
Let a(q) = 7236*q - 56186. Give a(8).
1702
Let f(z) = -z**2 - 1575*z - 55417. Calculate f(-36).
-13
Let g(y) = -165840*y - 20398318. Give g(-123).
2
Let f(c) = c**3 - 8*c**2 - 80*c - 77. Determine f(14).
-21
Let p(a) = 132*a - 640. What is p(5)?
20
Let u(d) = 154*d**2 - 24188*d + 1587. Give u(157).
17
Let a(h) = -5*h**3 - 75*h**2 + 465*h - 682. What is a(-20)?
18
Let s(h) = 444*h**2 + 36396*h - 994. Determine s(-82).
-10
Let r(z) = 898*z**2 - 2640*z - 8. Calculate r(3).
154
Let m(j) = j**3 - 38*j**2 + 27*j + 370. Give m(37).
0
Let l(g) = -246*g - 1666. What is l(-7)?
56
Let x(f) = f**2 - 3067*f - 9207. What is x(-3)?
3
Let l(u) = u**2 - 18613*u - 4543821. Determine l(-241).
-7
Let p(u) = 20*u - 54. Calculate p(8).
106
Let z(y) = -51*y**2 + 26120*y + 348172. Give z(-13).
-7
Let r(d) = 2777*d - 13877. What is r(5)?
8
Let m(u) = 5*u**2 - 163*u + 1309. What is m(10)?
179
Let l(o) = 595*o + 372. Determine l(0).
372
Let g(j) = j**3 - 63*j**2 - 73280*j + 4860. Determine g(304).
-4
Let u(m) = -475*m - 19474. What is u(-41)?
1
Let t(u) = -10*u**2 - 63*u + 84. Give t(2).
-82
Let k(l) = 4475*l + 36537. Give k(-8).
737
Let k(g) = 4215*g**2 + 29494*g + 21. What is k(-7)?
98
Let w(o) = -7*o**3 + 812*o**2 + 2*o - 266. Calculate w(116).
-34
Let c(q) = -106*q + 1693. Calculate c(17).
-109
Let t(q) = -5458*q - 16401. What is t(-3)?
-27
Let y(k) = -2241614*k + 8966457. Give y(4).
1
Let z(y) = -24*y**2 + 6218*y - 381802. Give z(100).
-2
Let j(z) = 611*z + 136796. Calculate j(-224).
-68
Let g(t) = t**3 + 85*t**2 - 5342*t - 1091. Give g(-127).
-75
Let s(o) = 9*o**3 - 1084*o**2 + 480*o + 50. Determine s(120).
50
Let k(c) = 195*c - 31623. Determine k(162).
-33
Let b(h) = -3*h**3 + 1411*h**2 - 8362*h + 6. Calculate b(6).
-18
Let c(v) = 5*v**2 - 889*v - 22824. Calculate c(-23).
268
Let y(t) = -t**3 + 56*t**2 + 1419*t - 77635. What is y(57)?
-1
Let w(v) = -7*v**3 + 652*v**2 - 185*v + 8379. Determine w(93).
-177
Let u(p) = -2*p**2 - 78*p - 379. What is u(-32)?
69
Let c(x) = -x**2 + 155*x + 175069. Give c(-348).
25
Let a(t) = -11536*t + 842123. Give a(73).
-5
Let k(q) = -q**3 - 373*q**2 - 201*q - 74798. Give k(-373).
175
Let n(i) = i**3 + 23*i**2 + 103*i + 81. Determine n(-5).
16
Let b(m) = 399*m - 15025. What is b(38)?
137
Let w(g) = -g**3 + 134*g**2 - 3141*g + 338. What is w(104)?
-1846
Let j(w) = -10*w**2 - 1202*w - 32078. Calculate j(-40).
2
Let o(i) = -i**3 - 15*i**2 + 6*i + 399. Calculate o(-13).
-17
Let f(m) = 614*m + 73026. Give f(-119).
-40
Let t(o) = 12483*o + 162093. Give t(-13).
-186
Let g(f) = f**3 + 199*f**2 - 3819*f - 610428. Determine g(-203).
-7
Let y(j) = -54*j - 4277. Calculate y(-85).
313
Let m(p) = 26*p + 1077. Determine m(-30).
297
Let b(h) = h**3 + 6*h**2 + 4501*h + 27011. Calculate b(-6).
5
Let t(j) = 33*j**2 + 1778*j - 1778. Give t(1).
33
Let i(h) = 1458820*h + 30635211. Calculate i(-21).
-9
Let w(d) = -651*d - 44456. What is w(-68)?
-188
Let c(k) = -2*k**3 - 46*k**2 + 2614*k + 61998. Determine c(-24).
414
Let b(y) = -y**3 + 17*y**2 - 85*y + 632. Give b(14).
30
Let p(u) = -u**3 + 24*u**2 + 3453*u - 301. What is p(72)?
-517
Let t(x) = -2847*x + 338796. Determine t(119).
3
Let u(i) = -931*i**2 + 7417*i + 249. Give u(8).
1
Let j(v) = v**3 + 39*v**2 + 81*v + 350. Calculate j(-37).
91
Let u(f) = -422*f**2 - 14793*f - 844. What is u(-35)?
-39
Let g(q) = 169927*q + 339845. Determine g(-2).
-9
Let k(u) = 2*u**2 - 64776*u + 129546. What is k(2)?
2
Let u(b) = 19800*b - 1584011. What is u(80)?
-11
Let c(l) = -l**2 - 42*l - 140. Determine c(-5).
45
Let j(i) = -i**3 - 673*i**2 + 11050*i + 17945. Give j(-689).
31
Let i(x) = 4956*x + 34846. Calculate i(-7).
154
Let w(v) = 3166*v - 664865. Calculate w(210).
-5
Let c(b) = -13*b + 242. Give c(38).
-252
Let k(p) = 22312*p + 44619. Calculate k(-2).
-5
Let x(p) = -233*p + 22079. Calculate x(95).
-56
Let j(b) = 97*b + 33067. Calculate j(-341).
-10
Let y(z) = -3*z**2 - 46467*z + 325411. Calculate y(7).
-5
Let o(y) = 11*y - 350. Calculate o(-55).
-955
Let t(d) = d**3 - 40*d**2 - 443*d + 45. Calculate t(49).
-53
Let c(k) = -2*k**2 - 173*k - 2976. What is c(-23)?
-55
Let m(b) = 6426*b - 70478. Calculate m(11).
208
Let f(i) = -31443*i - 1226249. Determine f(-39).
28
Let z(k) = -26*k**2 - 932*k + 1107. Calculate z(-37).
-3
Let u(o) = -o**3 - 25*o**2 + 3048*o + 73623. Calculate u(-24).
-105
Let m(k) = -k**3 - 192*k**2 + 994*k + 1464. Determine m(-197).
-309
Let f(d) = 14*d**2 - 738*d - 10793. Determine f(65).
387
Let u(r) = -2*r**2 - 8515*r + 395921. Determine u(46).
-1
Let m(w) = w**3 - 102*w**2 - 326*w - 26. Give m(-3).
7
Let y(v) = 1450*v - 989039. Determine y(682).
-139
Le